 -11 - -19. Let y be d(o). Calculate the greatest common factor of 1 and y.
1
Let u(c) = 16*c - 253. Let w be u(32). Let n(m) = m**2 - 8*m + 4. Let s be n(11). Calculate the highest common factor of s and w.
37
Let j(y) = 2*y**2 - 5*y - 6. Let k be j(-4). Let l be (-3)/15 - (-562)/10. Let h = -33 + l. What is the greatest common divisor of h and k?
23
Let l(q) = q**2 + 9*q - 6. Let y be l(-10). Let x = 28 + y. What is the highest common divisor of 16 and x?
16
Let x be (56/140)/(12/10 + -1). Let s = -16 - -28. What is the greatest common factor of s and x?
2
Suppose -5*g = -2*b + 50, -2*g + 76 + 107 = 5*b. Calculate the highest common divisor of 10 and b.
5
Let j = 1403 - 710. Calculate the highest common factor of j and 198.
99
Suppose -11 = -4*i - 3. Suppose 2*b - r + 6*r = 35, -i*r = 2*b - 50. Suppose 115 = 3*q - 20. What is the greatest common factor of q and b?
15
Suppose -457 = -7*f + 803. Calculate the highest common factor of 20 and f.
20
Suppose 5*c + 3*r - 111 = 0, -10*r - 53 = -3*c - 5*r. What is the highest common factor of c and 357?
21
Suppose -24*m + 1680 + 168 = 0. Suppose -2*a = h - 45, -4*a + 19 = -3*a - 3*h. Calculate the greatest common divisor of a and m.
11
Let f = -307 + 395. Let s be 3 + -4 - (1 + -10). Calculate the greatest common divisor of s and f.
8
Let h be (12/24)/((-13445)/(-13440) - 1). What is the highest common factor of h and 42?
42
Suppose -5*l + 3*y = 15, -3*l - 2*y + y + 5 = 0. Suppose -2*c + 2*n - 4 = l, 0*c + 16 = -2*c + 5*n. Calculate the highest common divisor of c and 6.
2
Let s(p) = -p - 13. Let c be s(-9). Let r(g) = 6*g**2 + 3*g - 8. Let z be r(c). What is the highest common factor of z and 19?
19
Let b = 27 - -8. Let u be -51*(-5)/b - 2/7. Calculate the greatest common factor of u and 14.
7
Let v(s) = s**3 - 8*s**2 + 2*s - 13. Let c be v(8). Let h be c/((12/(-45))/(-4)). Calculate the highest common factor of h and 5.
5
Suppose 0 = -x - 3*m + 315, -x - 3*m + 5*m + 300 = 0. Calculate the greatest common divisor of 34 and x.
34
Let i be (5 - 1) + 4 - -5. Suppose -t = -18 - 47. Calculate the greatest common factor of t and i.
13
Suppose 0 = 6*d - 3270 - 2070. Suppose -z - b = 2*z - d, 882 = 3*z - 3*b. Calculate the greatest common divisor of 37 and z.
37
Let c be (10/(-6))/(30/(-216)). What is the highest common factor of 3228 and c?
12
Suppose 4574 = 47*y - 2664. Calculate the highest common divisor of 56 and y.
14
Suppose 1489*l - 5 = 1484*l. What is the greatest common divisor of 1 and l?
1
Suppose 5*c - 2*t + t + 25 = 0, -5 = -t. Let b be (-49)/c - 6/24. What is the greatest common divisor of b and 96?
12
Let s be 1/((-147)/(-36) - 4). Suppose -f + 76 = 3*q - 3*f, -5*q = 4*f - 112. Calculate the greatest common divisor of q and s.
12
Suppose -v = 3*v - 1780. Let a = v + -179. Calculate the highest common divisor of 38 and a.
38
Let h = 37 - 22. Suppose f = -5*y - 15, -2*f = y - 3*f - 3. Let i(s) = -3*s - 1. Let v be i(y). What is the greatest common divisor of h and v?
5
Let c = 2180 + -1168. What is the highest common factor of 276 and c?
92
Let u = 26 - 16. Let q = -2 - -12. What is the greatest common divisor of q and u?
10
Let v(b) = 8*b + 4. Let w be v(-1). Let p be 5068/126 + w/18. What is the greatest common factor of p and 8?
8
Let q(a) = 10*a + 54. Let t be q(23). What is the greatest common factor of t and 12?
4
Let q = -8 + 82. Suppose 0 = -b + 30 - 79. Let h = q + b. What is the greatest common divisor of h and 10?
5
Let d = -33 - -47. Let w = 17 + 11. What is the greatest common divisor of d and w?
14
Suppose 5*u = -3*r + 143, 39*r - 34*r + 5*u - 255 = 0. What is the highest common divisor of 24 and r?
8
Suppose -12 = -i + 5*l + 13, -21 = -i + l. What is the greatest common divisor of 210 and i?
10
Suppose 4*y - 5*l = 52, -l = -2*y - 3*l + 26. What is the highest common factor of y and 65?
13
Suppose -3*f = 3*d - 105, -2*d + 0*f + 2*f = -50. Suppose -78 = -9*o + d. Calculate the greatest common factor of o and 324.
12
Let b = 46 + -19. Let x(w) = 33*w**2 + 2*w - 1. Let a(s) = -2*s + 12. Let n be a(5). Let c be x(n). What is the highest common factor of b and c?
27
Let o(v) = 2*v**2 - 31*v - 1. Let f be o(16). Let y = f + -14. What is the highest common divisor of 2 and y?
1
Suppose -3*l - 3*g = 405, -4*g + 160 + 210 = -3*l. Let t = 148 + l. What is the highest common factor of t and 18?
18
Let f = -1572 + 1602. What is the highest common factor of f and 27?
3
Let p(k) = -k**2 - 2*k**3 - 6 + k**3 + 5. Let b be p(-2). Let f be b - (-3 - (-8)/(-1)). What is the greatest common factor of f and 7?
7
Let j(r) = 8*r**2 - 1. Let y be j(-1). Suppose -5*o + 23 = 2*w, -5*w + 32 + 39 = -o. Calculate the highest common factor of y and w.
7
Suppose -3*r + 144 + 126 = 0. Let x be 20 - (-1)/2*(27 + -47). Calculate the greatest common divisor of r and x.
10
Let z(f) be the third derivative of -f**4/24 - 2*f**3/3 - 3*f**2. Let g be z(-6). Let a be (g - 6/4)*162. Calculate the greatest common factor of 27 and a.
27
Let m = -13 + 32. Suppose -4*y - y = 4*v - m, v - 3*y + 8 = 0. What is the highest common factor of v and 3?
1
Let l(m) = m**3 - 22*m**2 + 46*m - 50. Let p be l(20). Calculate the highest common factor of 20 and p.
10
Suppose -33*r - 220 = -44*r. Let b be (-2 - -12)/(2 - 1). What is the highest common divisor of r and b?
10
Suppose 0 = 4*y - 48 - 60. Suppose 2*z - z = 3*t + 52, 0 = 2*z + 4*t - 74. Let o = -16 + z. What is the greatest common divisor of o and y?
27
Suppose 1674*o = 1664*o + 4680. Let q be 8/(-5)*(-130)/4. What is the greatest common factor of o and q?
52
Let b = -52 + 69. Suppose -b*y = -8*y - 1305. What is the highest common factor of 58 and y?
29
Suppose -4*o = 5*p + 26, 0*p = -4*o + 5*p - 46. Let f = 7 + o. Let u be -1 - ((f - 4) + 3). Calculate the greatest common divisor of 6 and u.
2
Suppose -z = -5*q + 92, 13*z - 12*z = 2*q - 38. What is the greatest common factor of q and 24?
6
Suppose -3*o = -4*a + 10 + 14, 4*o = 0. Suppose -a = 14*x - 15*x. Calculate the greatest common factor of 18 and x.
6
Let h = -58 + 24. Let k = 41 + h. What is the greatest common factor of 1 and k?
1
Let r(n) = -9*n + 39. Let j be r(-5). What is the greatest common factor of j and 168?
84
Let a be -4 + (-58)/3 + (-4)/6. Let i = 31 + a. What is the highest common divisor of 63 and i?
7
Let u be 101/5 + 24/(-120). What is the highest common divisor of 130 and u?
10
Let k(y) = -y**2 + 7*y. Let s(g) = g**2 - 6*g - 1. Let q(c) = 4*k(c) + 6*s(c). Let v be q(7). Calculate the greatest common factor of v and 4.
4
Suppose 2*i = -0*h - 5*h + 1284, 2*h = 3*i + 525. Suppose -2*n - h = -838. What is the highest common divisor of 58 and n?
58
Let n be -1*-3*40/12. Let u be 215/n + (-6)/4. Calculate the highest common divisor of 180 and u.
20
Let l be (-2 - -2)*(-2)/4. Let r be 40 + 6 + -3 - (l - 1). Calculate the greatest common factor of r and 4.
4
Let d be (477/36 - 11)/((-2)/(-320)). What is the highest common divisor of d and 80?
40
Suppose i + 82 - 92 = 0. Let x be (-5)/20 - (-161)/4. Suppose -s = -5*s + x. Calculate the highest common factor of s and i.
10
Let f = 27 + -24. Suppose -23 = -f*k - 2*z + 23, k - 3*z + 3 = 0. Let u = 17 - k. What is the highest common factor of u and 45?
5
Let l = -101 + 112. Suppose -5*f - 260 = -645. What is the greatest common divisor of l and f?
11
Let l(r) = r**3 + 10*r**2 - 50*r + 8. Let u be l(-11). What is the highest common factor of 19 and u?
19
Let y be (-4)/(-14) + (-252)/(-147). Suppose y*a + 24 = 68. What is the highest common factor of 11 and a?
11
Let g(p) = 4*p + 114. Let l be g(-21). What is the greatest common factor of 140 and l?
10
Let q = 279 - -172. Suppose 4*h = -3*l + 143, l - 2*l - 3*h = -56. What is the highest common divisor of q and l?
41
Let c(p) = -3*p + 7. Let r be c(-2). Calculate the highest common factor of r and 52.
13
Suppose 4*u + c - 24 = -3*c, -4*c = 5*u - 25. Let q be (-4)/(14/(-18) - 14/63). Let r be -1*12/q - 0 - -11. Calculate the greatest common divisor of u and r.
1
Let f(c) = 2*c - 3. Let a be f(-8). Let j = 15 + a. Let n(p) = 15*p**2 + 6*p + 4. Let i be n(j). Calculate the greatest common divisor of 20 and i.
20
Suppose -2 - 13 = -v. Let b(t) = 2*t**2 - 6*t + 9. Let l be b(2). Calculate the highest common divisor of l a